x(1).
-16
Let x = -5563 - -5566. Let p(w) = 18*w - 58. Give p(x).
-4
Let d(p) = -p**3 + 8*p**2 - 8*p + 5. Let m(f) = -f - 26. Let s be m(-31). Suppose -j - s = -12. Give d(j).
-2
Let b(d) = 5*d**3 + d**2 - 13*d + 3. Let c(g) = -23*g**3 - 7*g**2 + 64*g - 16. Let s(a) = 14*b(a) + 3*c(a). Give s(4).
-14
Let g(l) be the first derivative of -l**2/2 - 47*l + 2978. Determine g(-8).
-39
Let s(o) = -o + 1. Suppose -4 + 0 = 4*d. Let k(c) be the third derivative of -c**4/12 - 11*c**3/6 + 56*c**2. Let r(v) = d*s(v) + k(v). Give r(-7).
-5
Let w(v) be the second derivative of v**4/6 + v**3 + v**2/2 + 2272*v. What is w(5)?
81
Let k(o) = -3*o + 49. Suppose 3*z = 12, -5*a + 7*z = 2*z - 55. Let t be k(a). Let b(f) = -3*f + 12. Give b(t).
0
Suppose -4*y - 32 + 16 = d, -d = -5*y - 11. Let k(h) be the first derivative of -h**4/4 - h**3 - 5*h**2/2 - 3*h - 23. Determine k(d).
33
Let q = -60 - -34. Let z = q + 31. Let i(x) = -z*x - x - 17 + 5*x. What is i(-7)?
-10
Let i(x) = -x**2 - 6. Let t be i(0). Let o be (-32)/(-18) - (-8)/36. Let a(m) = -o*m - 33 - 25 + 60 + 3*m. Determine a(t).
-4
Let t(s) be the first derivative of s**3/3 + s**2/2 - 4*s - 554. Calculate t(-3).
2
Let i(t) be the third derivative of -1/3*t**3 + 5*t**2 - 1/12*t**4 - 1/60*t**5 + 0 - t. Determine i(-4).
-10
Let s(o) = 2*o**2 - 29 + 14 + 9 + 4 + 0*o**2 - 5*o. Suppose 0 = 2*y - 0*y - 4, 14 = 5*d - 3*y. Calculate s(d).
10
Let n(r) = -r**2 - 3*r + 31. Let z be n(-7). Let p(o) = -5*o**2 - o**z + 6*o + 4 + 10*o**2 - 9*o. Calculate p(4).
8
Let o(r) be the second derivative of r**5/20 + 5*r**4/3 + 8*r**3/3 + 9*r**2/2 + 4159*r. What is o(-19)?
66
Let m be (6/(-21))/(((-1)/1)/7). Let a(v) = 54*v + m*v**2 - 24*v - 30*v + v**3. Let d be 4/5*(-5)/2. Calculate a(d).
0
Suppose 5*a = -2*v - 7, -a = 2*v - 3 - 2. Suppose v*j = -j. Suppose -5*h + 17 - 2 = j. Let u(q) = 4*q. Give u(h).
12
Let q(w) = 3*w**3 - 17*w - w - 25 - 23*w**2 + 0*w. Let u(n) = -86*n + 44*n + 5*n**3 - 38 - 35*n**2 + 15*n. Let t(b) = 8*q(b) - 5*u(b). Calculate t(-8).
-2
Let q(p) = p - 24. Let h(y) = 15*y**3 - 5*y**2 - 11*y + 15. Let j be h(1). Give q(j).
-10
Let d(q) = q + 23. Let r be d(-19). Suppose -r*n = -0*n. Let x(t) = -7*t + 0 + 2*t + n. Calculate x(5).
-25
Suppose 0 = -u - 0*u - 2*n + 15, 3*u - 38 = n. Let q(g) = -29*g**2 + 15*g**2 + 19 - 9*g + u*g**2 - 4. What is q(-11)?
-7
Let h(b) be the second derivative of b**7/2520 - b**6/120 + b**5/120 - 7*b**4/12 - b**3/3 + 63*b. Let y(c) be the third derivative of h(c). Calculate y(4).
-7
Let o(x) be the third derivative of x**6/120 + x**5/60 + x**4/24 + 4*x**3 - 25*x**2 - 2*x. What is o(-4)?
-28
Let f(z) be the first derivative of z**4/4 - z**3/3 - 3*z**2 + 7*z + 1239. Calculate f(3).
7
Let j(m) be the third derivative of -1/120*m**6 - 7/24*m**4 - 2/15*m**5 + 0*m + 0 - 57*m**2 + 1/3*m**3. Calculate j(-7).
2
Let x(h) be the second derivative of -1/6*h**3 + 0 + 1/12*h**4 + 76*h + h**2. Suppose -3*n - 11 = 4*m, -11 = 5*m - n + 2*n. Calculate x(m).
8
Let k be (-14)/63 + (-94)/(-18). Suppose 0 = -k*z - 3*t + 17, -5*z - t = -6*t + 15. Let s(x) = 11*x - 1. Let a(l) = -l. Let g(r) = -6*a(r) - s(r). What is g(z)?
-4
Let p(c) = -c**3 - 2*c**2 + c + 2. Suppose -y - 8 = -4. Let a be ((-288)/15)/(-8) + y/10. What is p(a)?
-12
Let g(u) = -13*u + 44. Let l(x) = 5*x - 16. Let p(z) = 3*g(z) + 8*l(z). Calculate p(2).
6
Let a(t) = -t**2 + 8*t - 4. Suppose 700 = 68*u - 61*u. Let b = 6 - 15. Let h be (u/12 - 3) + 3/b. Determine a(h).
11
Let c(h) = -h - 2*h**3 + 0*h - 136515*h**2 + 136519*h**2 - 3. Suppose 0*k - 20 = -5*k. Suppose f = -k*d + 2*f + 8, -3*d - f = -13. Give c(d).
-24
Let u(n) = 2*n**2 - 8*n - 7. Let p be u(-5). Let q = p + -81. Let w(v) = -7*v**3 + 5*v**3 + 2*v**2 + v**3 - q*v + 3*v. Give w(3).
-6
Let t(r) = 270 - 671 + 382 - 27*r. Calculate t(-1).
8
Let g(t) = 10*t - 83. Let b(l) = -5*l + 46. Let j(p) = -7*b(p) - 4*g(p). Suppose 24 = i - 5*f, 0*i - 2*f = 2*i. Determine j(i).
-10
Let h(y) = 687 - 17*y - 13*y**2 - 662 + 15*y**2. What is h(5)?
-10
Let g(w) be the second derivative of 105*w + 1/2*w**4 + 1/20*w**5 + 1/3*w**3 + 0 - 3/2*w**2. Give g(-6).
-15
Suppose -22*q + i = -19*q - 32, -5*i = 4*q - 49. Let j(y) = -22*y + 10*y - 8 + 23 + q*y. What is j(6)?
9
Suppose 47*z + 15*z - 682 = 0. Let u(v) = -v**3 + 12*v**2 - 11*v + 5. Determine u(z).
5
Let i be 8/(13 + -5) + -9 - 6/2. Let l(y) = -2*y**3 - 23*y**2 - 17*y - 68. Calculate l(i).
-2
Let u(m) = m**2 - 7*m - 6. Suppose 0 = 8*w - 6*w, 0 = -3*c + 4*w - 1161. Let v = c + 393. Give u(v).
-12
Let u(q) = -q**3 + 15*q**2 + 35*q - 13. Let l be u(17). Let j(w) = l + 3*w**2 + 3 - 1 + 5*w. Let o be j(-2). Let m(t) = t**3 - 7*t**2 - 7*t + 1. What is m(o)?
9
Let t(n) = 3785*n**2 + 23 - 7*n - 3783*n**2 - 26. Let p be -3 + 0 - (-21)/3. Give t(p).
1
Suppose 0 = 18*v - 27 - 135. Let z(g) = 5*g**2 + 420 + g**3 - 213 - v*g - 222. Calculate z(-6).
3
Let p(s) = -27*s + 191. Let v(c) = -9*c + 54. Let x(u) = 6*p(u) - 21*v(u). Give x(-3).
-69
Suppose 4*s + 109 = 3*v, 5*v = 2*s + 180 + 25. Let u be v - (6 + -2 - 4). Let i = 50 - u. Let w(q) = -q**3 + 8*q**2 - 9*q + 10. Give w(i).
-4
Let f(n) = -14*n - 56. Let z(j) = 8*j + 25. Let q(h) = -3*f(h) - 7*z(h). What is q(-6)?
77
Let a(n) = -5*n + 5 + n**2 + n**2 - 3*n**2. Let q be a(-6). Let g(p) = -565*p**3 + 1 - 175*p + 569*p**3 + 177*p. Calculate g(q).
-5
Suppose -4 = -3*p - 5*i, 19 = -2*p + 5*i + 5. Let w(m) = 10*m - 2. Let y(o) = 3*o. Let q(l) = p*w(l) + 7*y(l). Determine q(2).
6
Let v(t) be the third derivative of -t**5/60 + 7*t**4/4 - 43*t**3/3 + 9*t**2 + 1. Let i(d) be the first derivative of v(d). Give i(18).
6
Let k be -2*3/(-2) + 16/4. Let f(q) = -977 + 2*q**2 - 11*q + k*q**2 + 2*q**2 + 984 + q**3. Determine f(-12).
-5
Let t(a) = a**3 + 4*a**2 - 25*a - 21. Let r = 3568 - 3575. Give t(r).
7
Let g(v) = 1. Let d(i) = 2*i - 20. Let o = -34 - -35. Let p(j) = o*d(j) + 12*g(j). Give p(8).
8
Suppose 117 = 14*r + 5. Suppose -4*g - 12*v + r*v = -4, -2*g + 5*v + 16 = 0. Let o(c) = c - 2. What is o(g)?
1
Suppose -5*s = -4*a + 31, 2*a - s = 4*s + 23. Suppose w - 4*x + 12 = 4*w, -8 = -2*w - a*x. Let g(h) = 1 + 0*h + 3*h - 2*h**2 - 7*h**3 - h + w*h**2. Give g(-1).
8
Let o(t) = -t - 1. Let i(u) = 2*u - 41. Let g be i(28). Suppose 2*p = q + g, -3*p - q + 24 = -3*q. What is o(p)?
-7
Let s(x) = -17*x + 3. Let c(g) = 51*g - 8. Let y(t) = -3*c(t) - 8*s(t). Let k(i) = -4*i**2 + 478*i - 709. Let o be k(118). Give y(o).
17
Let x = 4 - -2. Let p(m) = 3*m**2 - x*m - 2 + m**3 - 5*m**2 + 0*m + 6. What is p(4)?
12
Let i(a) be the third derivative of a**5/60 + a**4/4 + a**3 - 176*a**2 - 2*a. Give i(-2).
-2
Let y(w) be the third derivative of w**4/3 - 68*w**3/3 + 36*w**2 - 1. Calculate y(17).
0
Let h(z) = 0*z - 9*z**2 - 31 - 5*z - z**3 + 36 + 4*z - 6*z. What is h(-8)?
-3
Let g be (11 + -15)*3/(-4)*4. Let f(d) = -2*d**2 + 24*d + 17. What is f(g)?
17
Let y(z) = z**2 + 23*z + 66. Suppose 547 = -51*r - 389 - 33. What is y(r)?
-10
Suppose -o + 16*h - 21*h + 22 = 0, 158 = 5*o + h. Let c(y) = -o + 31 - 20*y + 5*y. Let d be (-2)/(-9) + 7/9. Give c(d).
-16
Suppose 5*r + 5 - 15 = 0. Suppose -r*l + 3 - 15 = 0. Let f(v) = 934*v + 9. Let n(g) = -519*g - 5. Let k(t) = -5*f(t) - 9*n(t). What is k(l)?
-6
Let k be 4/(1 - 3) + 0/15 + 7. Let i(u) = 3*u**2 - 5*u - 5. Give i(k).
45
Let m(b) = -b**3 - b**2 - 1. Let c(a) = 2*a**3 - 2*a**2 - 1. Let h(y) = c(y) - m(y). Let z be 42/(-54) + 4/(-18). Calculate h(z).
-4
Let u(y) = y**2 - 6*y - 6. Let l(b) = 2*b**3 - 10*b**2 + b + 3. Let q be -3*((-6)/(-9)*-7 + 3). Let n be l(q). Calculate u(n).
10
Let k(c) = -c**2 + 5*c - 6. Let v(s) = s**2 - 4*s + 6. Let t(x) = 5*k(x) + 4*v(x). Suppose 38 + 2 = 4*j - 4*m, -2*m + 6 = 0. Let h = -6 + j. Determine t(h).
8
Let k(d) be the first derivative of -244 - 4*d - 9*d**2 - 1/3*d**3. Determine k(-17).
13
Let y(k) = -35695 - 13*k + 71394 + k**2 - 35689. Calculate y(12).
-2
Let s(z) be the second derivative of z**4/12 - 19*z**3/3 + 135*z**2/2 + 6*z - 67. Calculate s(34).
-1
Let z(v) = v**2 + 3*v - 128. Let b(u) = 3*u**2 + 11*u - 383. Let r(o) = -3*b(o) + 8*z(o). Give r(-16).
13
Suppose 6*y - 336 + 1092 = 0. Let q = y + 70. Let i = q + 53. Let o(a) = 3*a**2 + 3*a - 3. Give o(i).
15
Suppose o - 4*q + 18 = -o, -20 = 4*o - 4*q. Let d(a) = 1 - 5043*a + 1681*a + 1685*a + 16*a**3 + a**2 + 1678*a. What